rime?
True
Is 26716153 a prime number?
True
Is 2007673 prime?
False
Is 4833523 a prime number?
True
Is 204701 composite?
True
Is 1162955 a composite number?
True
Is 12469669 prime?
False
Is 175993777 prime?
True
Is 327881 prime?
True
Is 163455151 a composite number?
True
Is 7369783 composite?
True
Is 26428879 a composite number?
False
Is 7483781 composite?
False
Is 38454337 a composite number?
True
Is 20966161 composite?
True
Is 104305379 composite?
False
Is 4479193 prime?
False
Is 7864811 composite?
False
Is 2904757 a composite number?
False
Is 70878029 a composite number?
True
Is 64294177 prime?
False
Is 137657657 prime?
False
Is 19977487 a composite number?
False
Is 22472753 prime?
True
Is 27834679 prime?
False
Is 454498743 prime?
False
Is 4091047 prime?
True
Is 2502877 composite?
True
Is 18806077 composite?
False
Is 13434059 prime?
True
Is 2349311 prime?
False
Is 176048099 a composite number?
False
Is 25290877 prime?
True
Is 50883409 a prime number?
False
Is 189077 prime?
False
Is 20839211 composite?
True
Is 1686743 a prime number?
True
Is 444779 a prime number?
False
Is 290201 a prime number?
True
Is 43234222 a composite number?
True
Is 2054687 a composite number?
False
Is 4881571 a composite number?
True
Is 611251 composite?
True
Is 2737747 composite?
False
Is 118739 composite?
False
Is 517665803 composite?
True
Is 30135467 prime?
True
Is 4665443 prime?
False
Is 33373049 prime?
False
Is 106645003 prime?
True
Is 4079486 prime?
False
Is 18302667 composite?
True
Is 154953881 a composite number?
False
Is 10652689 prime?
False
Is 9688697 a prime number?
False
Is 47796743 a composite number?
False
Is 1475165219 a prime number?
False
Is 4911653 a composite number?
False
Is 106378 a prime number?
False
Is 19650214 composite?
True
Is 37477369 a composite number?
False
Is 7250321 composite?
True
Is 329682307 composite?
False
Is 23764085 prime?
False
Is 75759751 prime?
True
Is 21907097 a prime number?
True
Is 99110591 composite?
True
Is 11697373 composite?
False
Is 6147721 a composite number?
False
Is 67170931 a composite number?
True
Is 1898789 prime?
False
Is 83004703 a composite number?
False
Is 23199829 a composite number?
False
Is 1972489 composite?
True
Is 786959 a composite number?
False
Is 9180727 prime?
True
Is 18946937 a prime number?
True
Is 5323389 prime?
False
Is 94533133 prime?
True
Is 101257 a prime number?
False
Is 11547917 a prime number?
True
Is 28951869 composite?
True
Is 33377989 a composite number?
True
Is 11721187 a prime number?
True
Is 1833961 prime?
True
Is 2845673 a prime number?
True
Is 98686481 prime?
True
Is 76211761 prime?
False
Is 4496821 composite?
True
Is 3113819 a composite number?
False
Is 1990057 a prime number?
False
Is 550083697 a prime number?
True
Is 2730301 a prime number?
False
Is 15438109 a composite number?
True
Is 1406131 composite?
True
Is 2187011 composite?
False
Is 46106123 composite?
True
Is 344377751 a composite number?
False
Is 2981909 prime?
False
Is 1489351 prime?
True
Is 113884517 a prime number?
True
Is 9575873 a composite number?
True
Is 10090111 a composite number?
False
Is 21228941 a prime number?
False
Is 506051515 a prime number?
False
Is 23589985 composite?
True
Is 2313896557 a prime number?
False
Is 56995741 prime?
False
Is 23337703 prime?
True
Is 32440273 composite?
False
Is 71247067 prime?
True
Is 1232603 prime?
True
Is 19829267 a prime number?
True
Is 325695557 prime?
False
Is 249284837 a composite number?
False
Is 1934623 a composite number?
True
Is 62362321 a prime number?
False
Is 8800289 composite?
True
Is 1163581 a composite number?
False
Is 371737 a composite number?
False
Is 2415313 composite?
True
Is 1159979 composite?
True
Is 83657303 composite?
False
Is 4438997 a composite number?
False
Is 1248323 a prime number?
True
Is 319300247 a composite number?
True
Is 895421 prime?
True
Is 10784747 prime?
True
Is 227190947 a composite number?
False
Is 11575087 a composite number?
False
Is 13562279 composite?
False
Is 21730289 a prime number?
False
Is 263969501 a prime number?
True
Is 147263983 a composite number?
False
Is 38658097 prime?
False
Is 4654723 a composite number?
True
Is 1137953 a composite number?
False
Is 68207602 composite?
True
Is 5745823 prime?
True
Is 22242963 composite?
True
Is 165778619 prime?
True
Is 1460941 a prime number?
True
Is 8635007 prime?
False
Is 9368269 composite?
False
Is 31938337 a composite number?
False
Is 15439661 a prime number?
False
Is 14299603 a prime number?
True
Is 427397701 composite?
True
Is 1337873 composite?
False
Is 77735783 composite?
True
Is 114645851 a composite number?
False
Is 443113987 a composite number?
False
Is 4587207 prime?
False
Is 276685798 a composite number?
True
Is 27201859 composite?
True
Is 26470687 composite?
True
Is 9120233 a prime number?
True
Is 900001 prime?
True
Is 84891041 prime?
True
Is 68879411 a composite number?
True
Is 22838594 a prime number?
False
Is 6621809 a composite number?
False
Is 7216169 composite?
False
Is 7303307 a prime number?
False
Is 673535 a composite number?
True
Is 19920419 composite?
True
Is 11146867 a composite number?
True
Is 4711307 a prime number?
False
Is 31013669 a composite number?
False
Is 435295457 prime?
True
Is 10660043 a prime number?
False
Is 12019043 a composite number?
True
Is 100624607 composite?
False
Is 8106691 prime?
True
Is 19840391 composite?
True
Is 2620937 a composite number?
True
Is 6045259 prime?
False
Is 117231343 a prime number?
True
Is 8059109 a prime number?
False
Is 11042033 a composite number?
True
Is 350172335 composite?
True
Is 140503897 a prime number?
False
Is 443810615 a prime number?
False
Is 39477023 composite?
True
Is 1804871 prime?
True
Is 854351 composite?
False
Is 2627857 a prime number?
True
Is 302383 a prime number?
False
Is 69376363 prime?
False
Is 2203493 a prime number?
False
Is 71647 a composite number?
False
Is 22141951 a composite number?
True
Is 18782009 composite?
False
Is 18262987 prime?
False
Is 769231 prime?
True
Is 110542781 prime?
False
Is 55402943 a composite number?
False
Is 255284261 a composite number?
False
Is 86086303 a composite number?
False
Is 1788187 composite?
False
Is 1502129 a composite number?
True
Is 95199149 a composite number?
True
Is 31725377 a prime number?
True
Is 16647359 a prime number?
True
Is 36674347 prime?
False
Is 32329961 a composite number?
False
Is 4293749 a prime number?
True
Is 53166853 composite?
True
Is 84053 a prime number?
True
Is 361908917 a prime number?
True
Is 217907831 composite?
False
Is 64764547 a prime number?
False
Is 81559043 prime?
True
Is 883017953 a prime number?
True
Is 18763979 prime?
False
Is 2294969 a prime number?
False
Is 17179667 prime?
False
Is 683531317 a prime number?
False
Is 9327547 prime?
False
Is 17786689 composite?
True
Is 116164439 a prime number?
False
Is 163193 a prime number?
True
Is 133769 prime?
True
Is 250630651 a prime number?
True
Is 10267879 composite?
True
Is 10395947 composite?
False
Is 531014199 a prime number?
False
Is 375715297 a composite number?
True
Is 101977627 a composite number?
False
Is 2083063 a prime number?
False
Is 13624583 a composite number?
True
Is 99959689 a composite number?
False
Is 27255741 a prime number?
False
Is 9681113 a composite number?
True
Is 906333 composite?
True
Is 4114969 composite?
True
Is 372277159 a composite number?
False
Is 4118417 a prime number?
True
Is 687192985 a composite number?
True
Is 42346501 a composite number?
False
Is 41370887 a prime number?
True
Is 1539371 prime?
False
Is 74202587 composite?
True
Is 115763831 a composite number?
False
Is 19598941 a prime number?
True
Is 58460401 prime?
False
Is 7638619 composite?
False
Is 1024307 a prime number?
True
Is 46812647 prime?
False
Is 390096703 a prime number?
True
Is 2606459 a composite number?
False
Is 4699759 composite?
True
Is 11252797 a composite number?
False
Is 6580967 a prime number?
False
Is 27538085 prime?
False
Is 94496047 prime?
False
Is 330783 prime?
False
Is 50964523 a composite number?
False
Is 50055217 composite?
False
Is 5879203 composite?
True
Is 2839157 a composite number?
True
Is 10149143 prime?
True
Is 7650023 prime?
True
Is 4570751 composite?
False
Is 135048455 a prime number?
False
Is 9229799 a composite number?
False
Is 2862077 prime?
Tru